{"version":"1.0","provider_name":"Tabernaculo Prensa de Dios","provider_url":"https:\/\/tabernaculoprensadedios.com\/web","author_name":"tabernaculo","author_url":"https:\/\/tabernaculoprensadedios.com\/web\/author\/tabernaculo\/","title":"Tiempo de ser cuidado por el Pastor","type":"rich","width":600,"height":338,"html":"<blockquote class=\"wp-embedded-content\" data-secret=\"Q9wq6N6sSe\"><a href=\"https:\/\/tabernaculoprensadedios.com\/web\/tiempo-de-ser-cuidado-por-el-pastor\/\">Tiempo de ser cuidado por el Pastor<\/a><\/blockquote><iframe sandbox=\"allow-scripts\" security=\"restricted\" src=\"https:\/\/tabernaculoprensadedios.com\/web\/tiempo-de-ser-cuidado-por-el-pastor\/embed\/#?secret=Q9wq6N6sSe\" width=\"600\" height=\"338\" title=\"\u00abTiempo de ser cuidado por el Pastor\u00bb \u2014 Tabernaculo Prensa de Dios\" data-secret=\"Q9wq6N6sSe\" frameborder=\"0\" marginwidth=\"0\" marginheight=\"0\" scrolling=\"no\" class=\"wp-embedded-content\"><\/iframe><script type=\"text\/javascript\">\n\/* <![CDATA[ *\/\n\/*! This file is auto-generated *\/\n!function(d,l){\"use strict\";l.querySelector&&d.addEventListener&&\"undefined\"!=typeof URL&&(d.wp=d.wp||{},d.wp.receiveEmbedMessage||(d.wp.receiveEmbedMessage=function(e){var t=e.data;if((t||t.secret||t.message||t.value)&&!\/[^a-zA-Z0-9]\/.test(t.secret)){for(var s,r,n,a=l.querySelectorAll('iframe[data-secret=\"'+t.secret+'\"]'),o=l.querySelectorAll('blockquote[data-secret=\"'+t.secret+'\"]'),c=new RegExp(\"^https?:$\",\"i\"),i=0;i<o.length;i++)o[i].style.display=\"none\";for(i=0;i<a.length;i++)s=a[i],e.source===s.contentWindow&&(s.removeAttribute(\"style\"),\"height\"===t.message?(1e3<(r=parseInt(t.value,10))?r=1e3:~~r<200&&(r=200),s.height=r):\"link\"===t.message&&(r=new URL(s.getAttribute(\"src\")),n=new URL(t.value),c.test(n.protocol))&&n.host===r.host&&l.activeElement===s&&(d.top.location.href=t.value))}},d.addEventListener(\"message\",d.wp.receiveEmbedMessage,!1),l.addEventListener(\"DOMContentLoaded\",function(){for(var e,t,s=l.querySelectorAll(\"iframe.wp-embedded-content\"),r=0;r<s.length;r++)(t=(e=s[r]).getAttribute(\"data-secret\"))||(t=Math.random().toString(36).substring(2,12),e.src+=\"#?secret=\"+t,e.setAttribute(\"data-secret\",t)),e.contentWindow.postMessage({message:\"ready\",secret:t},\"*\")},!1)))}(window,document);\n\/\/# sourceURL=https:\/\/tabernaculoprensadedios.com\/web\/wp-includes\/js\/wp-embed.min.js\n\/* ]]> *\/\n<\/script>\n","thumbnail_url":"https:\/\/tabernaculoprensadedios.com\/web\/wp-content\/uploads\/2025\/05\/amkihixpqgm.avif","thumbnail_width":1600,"thumbnail_height":1068,"description":"Qu\u00e9 consuelo tan profundo saber que Jes\u00fas no es solo un gu\u00eda, sino el Buen Pastor que da su vida por nosotros. En un mundo lleno de incertidumbre, Su amor permanece constante y sacrificial. No somos una multitud m\u00e1s; somos Sus ovejas amadas, por quienes \u00c9l estuvo dispuesto a entregarlo todo. Hoy, descansa en Su &hellip;"}

Qué consuelo tan profundo saber que Jesús no es solo un guía, sino el Buen Pastor que da su vida por nosotros. En un mundo lleno de incertidumbre, Su amor permanece constante y sacrificial. No somos una multitud más; somos Sus ovejas amadas, por quienes Él estuvo dispuesto a entregarlo todo. Hoy, descansa en Su &hellip;
