{"version":"1.0","provider_name":"Tabernaculo Prensa de Dios","provider_url":"https:\/\/tabernaculoprensadedios.com\/web","author_name":"tabernaculo","author_url":"https:\/\/tabernaculoprensadedios.com\/web\/author\/tabernaculo\/","title":"Necesidad de avivar el fuego de nuestra fe","type":"rich","width":600,"height":338,"html":"<blockquote class=\"wp-embedded-content\" data-secret=\"BHcG9C5UUu\"><a href=\"https:\/\/tabernaculoprensadedios.com\/web\/necesidad-de-avivar-el-fuego-de-nuestra-fe\/\">Necesidad de avivar el fuego de nuestra fe<\/a><\/blockquote><iframe sandbox=\"allow-scripts\" security=\"restricted\" src=\"https:\/\/tabernaculoprensadedios.com\/web\/necesidad-de-avivar-el-fuego-de-nuestra-fe\/embed\/#?secret=BHcG9C5UUu\" width=\"600\" height=\"338\" title=\"\u00abNecesidad de avivar el fuego de nuestra fe\u00bb \u2014 Tabernaculo Prensa de Dios\" data-secret=\"BHcG9C5UUu\" frameborder=\"0\" marginwidth=\"0\" marginheight=\"0\" scrolling=\"no\" class=\"wp-embedded-content\"><\/iframe><script type=\"text\/javascript\">\n\/* <![CDATA[ *\/\n\/*! This file is auto-generated *\/\n!function(d,l){\"use strict\";l.querySelector&&d.addEventListener&&\"undefined\"!=typeof URL&&(d.wp=d.wp||{},d.wp.receiveEmbedMessage||(d.wp.receiveEmbedMessage=function(e){var t=e.data;if((t||t.secret||t.message||t.value)&&!\/[^a-zA-Z0-9]\/.test(t.secret)){for(var s,r,n,a=l.querySelectorAll('iframe[data-secret=\"'+t.secret+'\"]'),o=l.querySelectorAll('blockquote[data-secret=\"'+t.secret+'\"]'),c=new RegExp(\"^https?:$\",\"i\"),i=0;i<o.length;i++)o[i].style.display=\"none\";for(i=0;i<a.length;i++)s=a[i],e.source===s.contentWindow&&(s.removeAttribute(\"style\"),\"height\"===t.message?(1e3<(r=parseInt(t.value,10))?r=1e3:~~r<200&&(r=200),s.height=r):\"link\"===t.message&&(r=new URL(s.getAttribute(\"src\")),n=new URL(t.value),c.test(n.protocol))&&n.host===r.host&&l.activeElement===s&&(d.top.location.href=t.value))}},d.addEventListener(\"message\",d.wp.receiveEmbedMessage,!1),l.addEventListener(\"DOMContentLoaded\",function(){for(var e,t,s=l.querySelectorAll(\"iframe.wp-embedded-content\"),r=0;r<s.length;r++)(t=(e=s[r]).getAttribute(\"data-secret\"))||(t=Math.random().toString(36).substring(2,12),e.src+=\"#?secret=\"+t,e.setAttribute(\"data-secret\",t)),e.contentWindow.postMessage({message:\"ready\",secret:t},\"*\")},!1)))}(window,document);\n\/\/# sourceURL=https:\/\/tabernaculoprensadedios.com\/web\/wp-includes\/js\/wp-embed.min.js\n\/* ]]> *\/\n<\/script>\n","thumbnail_url":"https:\/\/tabernaculoprensadedios.com\/web\/wp-content\/uploads\/2015\/07\/Pastor-Miguel-nunez-e1446590815890.jpeg","thumbnail_width":1595,"thumbnail_height":1024,"description":"Por lo general, la vida cristiana de muchos inicia con un amor ferviente por Dios, y en la medida que maduramos, experimentamos tambi\u00e9n un amor por Su pueblo y por Su causa. Esos primeros a\u00f1os se caracterizan por una fe que luce vibrante y una creciente relaci\u00f3n con Dios, donde el car\u00e1cter del creyente est\u00e1 &hellip;"}

Por lo general, la vida cristiana de muchos inicia con un amor ferviente por Dios, y en la medida que maduramos, experimentamos también un amor por Su pueblo y por Su causa. Esos primeros años se caracterizan por una fe que luce vibrante y una creciente relación con Dios, donde el carácter del creyente está &hellip;
