{"version":"1.0","provider_name":"Tabernaculo Prensa de Dios","provider_url":"https:\/\/tabernaculoprensadedios.com\/web","author_name":"tabernaculo","author_url":"https:\/\/tabernaculoprensadedios.com\/web\/author\/tabernaculo\/","title":"El Poder de la Fe en la Oraci\u00f3n","type":"rich","width":600,"height":338,"html":"<blockquote class=\"wp-embedded-content\" data-secret=\"kRS9lMWj4i\"><a href=\"https:\/\/tabernaculoprensadedios.com\/web\/el-poder-de-la-fe-en-la-oracion\/\">El Poder de la Fe en la Oraci\u00f3n<\/a><\/blockquote><iframe sandbox=\"allow-scripts\" security=\"restricted\" src=\"https:\/\/tabernaculoprensadedios.com\/web\/el-poder-de-la-fe-en-la-oracion\/embed\/#?secret=kRS9lMWj4i\" width=\"600\" height=\"338\" title=\"\u00abEl Poder de la Fe en la Oraci\u00f3n\u00bb \u2014 Tabernaculo Prensa de Dios\" data-secret=\"kRS9lMWj4i\" frameborder=\"0\" marginwidth=\"0\" marginheight=\"0\" scrolling=\"no\" class=\"wp-embedded-content\"><\/iframe><script type=\"text\/javascript\">\n\/* <![CDATA[ *\/\n\/*! This file is auto-generated *\/\n!function(d,l){\"use strict\";l.querySelector&&d.addEventListener&&\"undefined\"!=typeof URL&&(d.wp=d.wp||{},d.wp.receiveEmbedMessage||(d.wp.receiveEmbedMessage=function(e){var t=e.data;if((t||t.secret||t.message||t.value)&&!\/[^a-zA-Z0-9]\/.test(t.secret)){for(var s,r,n,a=l.querySelectorAll('iframe[data-secret=\"'+t.secret+'\"]'),o=l.querySelectorAll('blockquote[data-secret=\"'+t.secret+'\"]'),c=new RegExp(\"^https?:$\",\"i\"),i=0;i<o.length;i++)o[i].style.display=\"none\";for(i=0;i<a.length;i++)s=a[i],e.source===s.contentWindow&&(s.removeAttribute(\"style\"),\"height\"===t.message?(1e3<(r=parseInt(t.value,10))?r=1e3:~~r<200&&(r=200),s.height=r):\"link\"===t.message&&(r=new URL(s.getAttribute(\"src\")),n=new URL(t.value),c.test(n.protocol))&&n.host===r.host&&l.activeElement===s&&(d.top.location.href=t.value))}},d.addEventListener(\"message\",d.wp.receiveEmbedMessage,!1),l.addEventListener(\"DOMContentLoaded\",function(){for(var e,t,s=l.querySelectorAll(\"iframe.wp-embedded-content\"),r=0;r<s.length;r++)(t=(e=s[r]).getAttribute(\"data-secret\"))||(t=Math.random().toString(36).substring(2,12),e.src+=\"#?secret=\"+t,e.setAttribute(\"data-secret\",t)),e.contentWindow.postMessage({message:\"ready\",secret:t},\"*\")},!1)))}(window,document);\n\/\/# sourceURL=https:\/\/tabernaculoprensadedios.com\/web\/wp-includes\/js\/wp-embed.min.js\n\/* ]]> *\/\n<\/script>\n","thumbnail_url":"https:\/\/tabernaculoprensadedios.com\/web\/wp-content\/uploads\/2023\/04\/adoracion.jpg","thumbnail_width":1280,"thumbnail_height":596,"description":"Estas palabras de nuestro Se\u00f1or Jesucristo nos llenan de confianza para poder orar y clamar por las necesidades de nuestra vida y por los anhelos de nuestro coraz\u00f3n, \u00e9l nos dice que debemos confiar que lo que estamos pidiendo en oraci\u00f3n el Se\u00f1or lo har\u00e1 realidad en nuestra vida. Pero seguramente muchos nos preguntamos: Si &hellip;"}

El Poder de la Fe en la Oración

<blockquote class="wp-embedded-content" data-secret="kRS9lMWj4i"><a href="https://tabernaculoprensadedios.com/web/el-poder-de-la-fe-en-la-oracion/">El Poder de la Fe en la Oración</a></blockquote><iframe sandbox="allow-scripts" security="restricted" src="https://tabernaculoprensadedios.com/web/el-poder-de-la-fe-en-la-oracion/embed/#?secret=kRS9lMWj4i" width="600" height="338" title="«El Poder de la Fe en la Oración» — Tabernaculo Prensa de Dios" data-secret="kRS9lMWj4i" frameborder="0" marginwidth="0" marginheight="0" scrolling="no" class="wp-embedded-content"></iframe><script type="text/javascript">
/* <![CDATA[ */
/*! This file is auto-generated */
!function(d,l){"use strict";l.querySelector&&d.addEventListener&&"undefined"!=typeof URL&&(d.wp=d.wp||{},d.wp.receiveEmbedMessage||(d.wp.receiveEmbedMessage=function(e){var t=e.data;if((t||t.secret||t.message||t.value)&&!/[^a-zA-Z0-9]/.test(t.secret)){for(var s,r,n,a=l.querySelectorAll('iframe[data-secret="'+t.secret+'"]'),o=l.querySelectorAll('blockquote[data-secret="'+t.secret+'"]'),c=new RegExp("^https?:$","i"),i=0;i<o.length;i++)o[i].style.display="none";for(i=0;i<a.length;i++)s=a[i],e.source===s.contentWindow&&(s.removeAttribute("style"),"height"===t.message?(1e3<(r=parseInt(t.value,10))?r=1e3:~~r<200&&(r=200),s.height=r):"link"===t.message&&(r=new URL(s.getAttribute("src")),n=new URL(t.value),c.test(n.protocol))&&n.host===r.host&&l.activeElement===s&&(d.top.location.href=t.value))}},d.addEventListener("message",d.wp.receiveEmbedMessage,!1),l.addEventListener("DOMContentLoaded",function(){for(var e,t,s=l.querySelectorAll("iframe.wp-embedded-content"),r=0;r<s.length;r++)(t=(e=s[r]).getAttribute("data-secret"))||(t=Math.random().toString(36).substring(2,12),e.src+="#?secret="+t,e.setAttribute("data-secret",t)),e.contentWindow.postMessage({message:"ready",secret:t},"*")},!1)))}(window,document);
//# sourceURL=https://tabernaculoprensadedios.com/web/wp-includes/js/wp-embed.min.js
/* ]]> */
</script>

Estas palabras de nuestro Señor Jesucristo nos llenan de confianza para poder orar y clamar por las necesidades de nuestra vida y por los anhelos de nuestro corazón, él nos dice que debemos confiar que lo que estamos pidiendo en oración el Señor lo hará realidad en nuestra vida. Pero seguramente muchos nos preguntamos: Si &hellip;
