{"version":"1.0","provider_name":"Tabernaculo Prensa de Dios","provider_url":"https:\/\/tabernaculoprensadedios.com\/web","author_name":"tabernaculo","author_url":"https:\/\/tabernaculoprensadedios.com\/web\/author\/tabernaculo\/","title":"El perd\u00f3n y el crecimiento espiritual","type":"rich","width":600,"height":338,"html":"<blockquote class=\"wp-embedded-content\" data-secret=\"VID23N2GQq\"><a href=\"https:\/\/tabernaculoprensadedios.com\/web\/aprendiendoel-perdon-y-el-crecimiento-espiritual\/\">El perd\u00f3n y el crecimiento espiritual<\/a><\/blockquote><iframe sandbox=\"allow-scripts\" security=\"restricted\" src=\"https:\/\/tabernaculoprensadedios.com\/web\/aprendiendoel-perdon-y-el-crecimiento-espiritual\/embed\/#?secret=VID23N2GQq\" width=\"600\" height=\"338\" title=\"\u00abEl perd\u00f3n y el crecimiento espiritual\u00bb \u2014 Tabernaculo Prensa de Dios\" data-secret=\"VID23N2GQq\" frameborder=\"0\" marginwidth=\"0\" marginheight=\"0\" scrolling=\"no\" class=\"wp-embedded-content\"><\/iframe><script type=\"text\/javascript\">\n\/* <![CDATA[ *\/\n\/*! This file is auto-generated *\/\n!function(d,l){\"use strict\";l.querySelector&&d.addEventListener&&\"undefined\"!=typeof URL&&(d.wp=d.wp||{},d.wp.receiveEmbedMessage||(d.wp.receiveEmbedMessage=function(e){var t=e.data;if((t||t.secret||t.message||t.value)&&!\/[^a-zA-Z0-9]\/.test(t.secret)){for(var s,r,n,a=l.querySelectorAll('iframe[data-secret=\"'+t.secret+'\"]'),o=l.querySelectorAll('blockquote[data-secret=\"'+t.secret+'\"]'),c=new RegExp(\"^https?:$\",\"i\"),i=0;i<o.length;i++)o[i].style.display=\"none\";for(i=0;i<a.length;i++)s=a[i],e.source===s.contentWindow&&(s.removeAttribute(\"style\"),\"height\"===t.message?(1e3<(r=parseInt(t.value,10))?r=1e3:~~r<200&&(r=200),s.height=r):\"link\"===t.message&&(r=new URL(s.getAttribute(\"src\")),n=new URL(t.value),c.test(n.protocol))&&n.host===r.host&&l.activeElement===s&&(d.top.location.href=t.value))}},d.addEventListener(\"message\",d.wp.receiveEmbedMessage,!1),l.addEventListener(\"DOMContentLoaded\",function(){for(var e,t,s=l.querySelectorAll(\"iframe.wp-embedded-content\"),r=0;r<s.length;r++)(t=(e=s[r]).getAttribute(\"data-secret\"))||(t=Math.random().toString(36).substring(2,12),e.src+=\"#?secret=\"+t,e.setAttribute(\"data-secret\",t)),e.contentWindow.postMessage({message:\"ready\",secret:t},\"*\")},!1)))}(window,document);\n\/\/# sourceURL=https:\/\/tabernaculoprensadedios.com\/web\/wp-includes\/js\/wp-embed.min.js\n\/* ]]> *\/\n<\/script>\n","thumbnail_url":"https:\/\/tabernaculoprensadedios.com\/web\/wp-content\/uploads\/2024\/06\/Perdonar.jpg","thumbnail_width":1280,"thumbnail_height":853,"description":"\u201cPorque si vosotros no perdon\u00e1is, tampoco vuestro Padre que est\u00e1 en los cielos os perdonar\u00e1 vuestras ofensas\u201d Estaba hablando en serio (Marcos 11:26). Vivimos en una cultura donde no siempre pen\u00adsamos cumplir lo que estamos diciendo. Por consiguiente, no creemos que los dem\u00e1s piensen hacerlo tampoco cuando nos hablan. No se toma en serio la &hellip;"}

El perdón y el crecimiento espiritual

<blockquote class="wp-embedded-content" data-secret="VID23N2GQq"><a href="https://tabernaculoprensadedios.com/web/aprendiendoel-perdon-y-el-crecimiento-espiritual/">El perdón y el crecimiento espiritual</a></blockquote><iframe sandbox="allow-scripts" security="restricted" src="https://tabernaculoprensadedios.com/web/aprendiendoel-perdon-y-el-crecimiento-espiritual/embed/#?secret=VID23N2GQq" width="600" height="338" title="«El perdón y el crecimiento espiritual» — Tabernaculo Prensa de Dios" data-secret="VID23N2GQq" frameborder="0" marginwidth="0" marginheight="0" scrolling="no" class="wp-embedded-content"></iframe><script type="text/javascript">
/* <![CDATA[ */
/*! This file is auto-generated */
!function(d,l){"use strict";l.querySelector&&d.addEventListener&&"undefined"!=typeof URL&&(d.wp=d.wp||{},d.wp.receiveEmbedMessage||(d.wp.receiveEmbedMessage=function(e){var t=e.data;if((t||t.secret||t.message||t.value)&&!/[^a-zA-Z0-9]/.test(t.secret)){for(var s,r,n,a=l.querySelectorAll('iframe[data-secret="'+t.secret+'"]'),o=l.querySelectorAll('blockquote[data-secret="'+t.secret+'"]'),c=new RegExp("^https?:$","i"),i=0;i<o.length;i++)o[i].style.display="none";for(i=0;i<a.length;i++)s=a[i],e.source===s.contentWindow&&(s.removeAttribute("style"),"height"===t.message?(1e3<(r=parseInt(t.value,10))?r=1e3:~~r<200&&(r=200),s.height=r):"link"===t.message&&(r=new URL(s.getAttribute("src")),n=new URL(t.value),c.test(n.protocol))&&n.host===r.host&&l.activeElement===s&&(d.top.location.href=t.value))}},d.addEventListener("message",d.wp.receiveEmbedMessage,!1),l.addEventListener("DOMContentLoaded",function(){for(var e,t,s=l.querySelectorAll("iframe.wp-embedded-content"),r=0;r<s.length;r++)(t=(e=s[r]).getAttribute("data-secret"))||(t=Math.random().toString(36).substring(2,12),e.src+="#?secret="+t,e.setAttribute("data-secret",t)),e.contentWindow.postMessage({message:"ready",secret:t},"*")},!1)))}(window,document);
//# sourceURL=https://tabernaculoprensadedios.com/web/wp-includes/js/wp-embed.min.js
/* ]]> */
</script>

“Porque si vosotros no perdonáis, tampoco vuestro Padre que está en los cielos os perdonará vuestras ofensas” Estaba hablando en serio (Marcos 11:26). Vivimos en una cultura donde no siempre pen­samos cumplir lo que estamos diciendo. Por consiguiente, no creemos que los demás piensen hacerlo tampoco cuando nos hablan. No se toma en serio la &hellip;
